 0 - -415?
415
In base 8, what is 3 + 166?
171
In base 7, what is -22225 - -1?
-22224
In base 2, what is 11101 + 10?
11111
In base 9, what is 5 - -34?
40
In base 4, what is 1132 - -13?
1211
In base 10, what is -3 - -24?
21
In base 16, what is 161 - -1d?
17e
In base 15, what is 1bb - 4?
1b7
In base 14, what is 128 - 27?
101
In base 16, what is -2 + 10?
e
In base 11, what is 5 - -941?
946
In base 11, what is -5 - -8a2?
898
In base 14, what is 0 - -83b?
83b
In base 14, what is -11 - -4d?
3c
In base 8, what is 11 - 31?
-20
In base 14, what is 5 + -a79?
-a74
In base 10, what is -164 + -8?
-172
In base 16, what is 11c - 0?
11c
In base 5, what is 20 - 0?
20
In base 10, what is -1867 - 2?
-1869
In base 8, what is -5 - 6?
-13
In base 6, what is -12233 - 5?
-12242
In base 6, what is -20135 + -4?
-20143
In base 16, what is -58 - -b2?
5a
In base 4, what is -1 + -13?
-20
In base 5, what is 13 - -31144?
31212
In base 13, what is -11c + 14?
-108
In base 4, what is 0 + 310?
310
In base 7, what is -5 - -1343?
1335
In base 7, what is -135 + 0?
-135
In base 13, what is 2677 + 3?
267a
In base 16, what is 195 + -5?
190
In base 13, what is 0 + -708?
-708
In base 3, what is 102111 + -1?
102110
In base 9, what is 2 + 3863?
3865
In base 15, what is 2d + 7a?
a8
In base 7, what is -30 - -10?
-20
In base 14, what is 6 + -46b?
-465
In base 11, what is 194 + -6?
189
In base 6, what is 45 - 2?
43
In base 8, what is 3 - -162?
165
In base 14, what is -29 + 7?
-22
In base 13, what is -1 + -32a?
-32b
In base 8, what is -27 + -65?
-114
In base 8, what is 5 - 103?
-76
In base 12, what is 2 - -382?
384
In base 7, what is -1123 - -36?
-1054
In base 9, what is 5831 + -3?
5827
In base 12, what is 5 - 56?
-51
In base 12, what is 347 - -14?
35b
In base 8, what is 27 + -2?
25
In base 3, what is 222220 + 12?
1000002
In base 3, what is 0 + 122?
122
In base 5, what is -2130 - -4?
-2121
In base 16, what is -2 + -13f?
-141
In base 2, what is 10 + -100010?
-100000
In base 7, what is 5 + -231?
-223
In base 9, what is -41 + 1?
-40
In base 15, what is 30 - -4?
34
In base 4, what is -103 - -131?
22
In base 6, what is 12 - 12?
0
In base 3, what is 10 - 22211222?
-22211212
In base 14, what is -2 + 46?
44
In base 4, what is -1000 - -102?
-232
In base 16, what is -114 + -6?
-11a
In base 9, what is 57804 + 2?
57806
In base 10, what is -32 + 70?
38
In base 13, what is a8 + 1?
a9
In base 13, what is -191 - -1a?
-174
In base 13, what is 3 - 23?
-20
In base 2, what is -1000 - 11000001010?
-11000010010
In base 14, what is -4 - -7b?
77
In base 15, what is 5 - -a2?
a7
In base 5, what is 102242 + 2?
102244
In base 2, what is -111110 - -1?
-111101
In base 12, what is -17 - 270?
-287
In base 4, what is 1220 - -123?
2003
In base 16, what is -10 + 3?
-d
In base 10, what is 11158 + 0?
11158
In base 5, what is 3 + -11?
-3
In base 7, what is 4433 + 5?
4441
In base 16, what is 5 - -3d4?
3d9
In base 5, what is 1414 + -14?
1400
In base 12, what is -4 - b7?
-bb
In base 4, what is 10210 + -12?
10132
In base 6, what is -1 + -1254?
-1255
In base 12, what is 3 + 51b?
522
In base 10, what is -4 - -41?
37
In base 15, what is 4 - 31?
-2c
In base 8, what is 1052 + -4?
1046
In base 14, what is -86 + 40?
-46
In base 2, what is 11001 - -10?
11011
In base 16, what is -708 - 0?
-708
In base 11, what is 3 - -779?
781
In base 16, what is -c2d + -3?
-c30
In base 10, what is -16 + 184?
168
In base 8, what is -1 - 2045?
-2046
In base 7, what is 361 - 0?
361
In base 10, what is 761 - -3?
764
In base 11, what is -111a - -17?
-1103
In base 10, what is -1 + -25?
-26
In base 8, what is 5141 + -5?
5134
In base 6, what is 112 - -32?
144
In base 4, what is 10 + 200?
210
In base 11, what is -a3 - 12?
-105
In base 8, what is 17 + -10?
7
In base 8, what is -57 - 23?
-102
In base 7, what is -10 + 313?
303
In base 16, what is -10 - 3?
-13
In base 3, what is 11 - 11100020?
-11100002
In base 12, what is -1 - 9?
-a
In base 13, what is -297 - -1?
-296
In base 12, what is -501 - -2?
-4bb
In base 10, what is 2 - -10?
12
In base 5, what is 0 - 143?
-143
In base 15, what is 68 + 1?
69
In base 6, what is -1024 + 2?
-1022
In base 7, what is 31 + 4?
35
In base 13, what is -4 + -1ca?
-201
In base 5, what is 10 + 101?
111
In base 3, what is 10 + 2010?
2020
In base 15, what is -5 + -1d?
-23
In base 8, what is -45 - -2?
-43
In base 8, what is 34 - 31?
3
In base 11, what is -45a - 0?
-45a
In base 11, what is -5 - -251?
247
In base 8, what is -31426 - 4?
-31432
In base 6, what is 1 + -1?
0
In base 2, what is 0 + -100111?
-100111
In base 4, what is -2300 + 2?
-2232
In base 16, what is -2 + 148?
146
In base 7, what is 104 - 4?
100
In base 11, what is -5 - 9a9?
-a03
In base 11, what is -53 - -1?
-52
In base 8, what is 6 + -544?
-536
In base 7, what is -13202 + -1?
-13203
In base 13, what is b9 + 6?
c2
In base 13, what is 0 + -13?
-13
In base 11, what is 35 - 3?
32
In base 9, what is 14610 - 1?
14608
In base 9, what is 288 + -1?
287
In base 9, what is -5530 - 3?
-5533
In base 13, what is 0 + 1cc?
1cc
In base 9, what is 3331 - -1?
3332
In base 6, what is -202 - -3?
-155
In base 11, what is -51 - -4?
-48
In base 16, what is 3 - 4a?
-47
In base 6, what is 1302 + 4?
1310
In base 5, what is 20304 - -13?
20322
In base 14, what is -304 + -4?
-308
In base 4, what is 1011 + 0?
1011
In base 9, what is -331 + -2?
-333
In base 16, what is -e - -359?
34b
In base 5, what is 1304 - 3?
1301
In base 3, what is -12 - 2121?
-2210
In base 3, what is 22 + 1122?
1221
In base 15, what is 36 - 1b?
1a
In base 8, what is -4 - -130?
124
In base 4, what is 3 + -30?
-21
In base 3, what is 111 - 102210?
-102022
In base 15, what is -1 - -284?
283
In base 16, what is -499 - -6?
-493
In base 11, what is -5 + 59?
54
In base 5, what is 4022 - 10?
4012
In base 9, what is -52 + 5?
-46
In base 10, what is 1 - -18?
19
In base 10, what is 232 + 4?
236
In base 14, what is -35 - 9?
-40
In base 3, what is -1112 + -2122?
-11011
In base 10, what is -105 - -3?
-102
In base 9, what is 15 + -28?
-13
In base 3, what is -12 + 12212?
12200
In base 7, what is 2 + -314?
-312
In base 11, what is 147 + -3?
144
In base 6, what is -120 + 3?
-113
In base 5, what is -330 + 2?
-323
In base 16, what is 4 - -d5?
d9
In base 9, what is 8 + -58?
-50
In base 12, what is -127 + 0?
-127
In base 6, what is -15 + 224?
205
In base 11, what is -21 - -4?
-18
In base 12, what is -1bb + -4?
-203
In base 14, what is -c0a - -7?
-c03
In base 7, what is -2 - 534?
-536
In base 4, what is 0 + -1122?
-1122
In base 16, what is -b + -2c?
-37
In base 2, what is 10001100 - 0?
10001100
In base 7, what is -215 - -4?
-211
In base 5, what is -14 - -34?
20
In base 4, what is 123 - 3?
120
In base 3, what is -1010 + -101211?
-102221
In base 10, what is -139 - -4?
-135
In base 4, what is 222 + 32?
320
In base 4, what is 22 - -32?
120
In base 5, what is -21330 - 1?
-21331
In base 10, what is 10610 - 4?
10606
In base 9, what is 3 - -47?
51
In base 15, what is -2 + a8?
a6
In base 15, what is -5a2 + 0?
-5a2
In base 4, what is 23311 - -11?
23322
In base 4, what is -1 - -102?
101
In base 12, what is -154 + -3?
-157
In base 2, what is 10101 + -101?
10000
In base 6, what is 14145 + 11?
14200
In base 3, what is -11 - 201122?
-201210
In base 3, what is -1021212102 - -2?
-1021212100
In base 15, what is 2 + 4?
6
In base 2, what is 100 - 1100011?
-1011111
In base 5, what is -20 - -2214?
2144
In base 13, what is 720 + -b?
712
In base 3, what is 1010 + -1121?
-111
In base 6, what is 4 - -100200?
100204
In base 13, what is 29 - -67?
93
In base 14, what is -1 + -16?
-17
In base 15, what is 3 - 2a?
-27
In base 2, what is 1000011110 - 1?
1000011101
In base 12, what is 19 - 1?
18
In base 5, what is 4 - -4?
13
In base 16, what is -87 + 2?
-85
In base 3, what is 1 - 10110?
-10102
In base 4, what is 3 + -3103?
-3100
In base 15, what is 128 + 7?
130
In base 9, what is -702 + 3?
-688
In base 4, what is -1 - -202?
201
In base 13, what is 117 + 3?
11a
In base 12, what is 62 + -1b?
43
In base 15, what is -5 - d0?
-d5
In base 15, what is -1 + -83?
-84
In base 16, what is 27 + 17?
3e
In base 7, what is -2 - 2001?
-2003
In base 9, what is 7 - 1610?
-1602
In base 4, what is 12 - 12333?
-12321
In base 3, what is -112 + -112012?
-112201
In base 9, what is -304 - 2?
-306
In base 7, what is -2